 1472*r = 1404*r + 9928. Calculate the remainder when r is divided by 34.
10
Suppose -5*r + 28 + 62 = 3*w, -r + 3*w = -54. Let m(s) = -5*s - 2*s - 7 - s - s**2. What is the remainder when r is divided by m(-6)?
4
Let h be (-55)/(-22)*3984/20. Suppose 11*g - h = 30. Calculate the remainder when 172 is divided by g.
28
Let l(n) = -3*n**3 + 156*n**2 + 11*n - 134. Calculate the remainder when l(52) is divided by 216.
6
Let g = -4513 + 4773. Calculate the remainder when g is divided by 53.
48
Suppose 1589 + 1342 = 92*q + 907. Calculate the remainder when 15/5 + 1*215 is divided by q.
20
Suppose 4*f - 433 + 105 = 0. Let d(p) = -2*p + 14. Let k = -27 + 20. What is the remainder when f is divided by d(k)?
26
Suppose 22140 = 62*r - 25*r + 86*r. What is the remainder when 668 is divided by r?
128
Let t(r) = 27*r**2 - 13*r - 72. Let w be t(-4). Let q = 481 - w. Calculate the remainder when q is divided by (0 + 2)/(-2)*-19.
12
Suppose -901 = -3*g + 5*u, 4*g - g - 904 = 2*u. Let j = g - 159. Calculate the remainder when j is divided by 18.
17
Let m = 79 - 81. Let w be 6/(-27) - m/9. Suppose 5*x + 4*p = 3*p + 150, 3*p + 15 = w. Calculate the remainder when x is divided by 12.
7
Suppose 33*u - 7729 = 818. Calculate the remainder when 273 is divided by u.
14
Suppose -8 = -2*i - 0. Let b be 4 + -4 + -5 + 5. Suppose 3*p + i*l - 6*l - 65 = b, 2*p - 5*l = 58. What is the remainder when 55 is divided by p?
17
Let y = -12 + 27. Let p = y + -10. Suppose 0 = 6*j - p*j - 18. Calculate the remainder when j is divided by 10.
8
Let p = 103 - 74. Suppose 407 + 201 = 66*o - 52. Calculate the remainder when p is divided by o.
9
Let u(t) = -15 - 6*t + 15 + 16*t. Let g be u(-2). Let x = g + 29. What is the remainder when 15 is divided by x?
6
Calculate the remainder when 261 is divided by 2 + 232*7/28.
21
Let n = -104 - -173. Suppose -90 = -3*z - 4*s, n = 3*z - 5*s + 2*s. What is the remainder when 103 is divided by z?
25
Let z(y) = 5*y**2 + 4*y + 6. Let n be (-2*2 - (2 - 4))/1. Let k be z(n). Suppose -42 - k = -5*c. What is the remainder when 35 is divided by c?
11
Let r be 30/9*12/8. Let y(j) = -6*j - 2. Let h be y(2). What is the remainder when 37 is divided by -1 - (h + (r - 2))?
7
Let l(y) = y**3 - 4*y + 7. Let d(x) = 63*x**3 - 32*x**2 + 32*x - 4. What is the remainder when l(5) is divided by d(1)?
53
Let v be (-3)/(-12) + (10803/12)/(-13). Let x = -41 - v. Calculate the remainder when 74 is divided by x.
18
Let j(w) = 193*w**2 + 6*w + 6. Let p be j(-2). Suppose p = 6*u + 694. Calculate the remainder when 67 is divided by u.
7
What is the remainder when ((-48)/(-30))/(11/165) is divided by 19?
5
Suppose 0*q + 541 = q - 4*r, 2*r = 10. Let i = q - 311. Calculate the remainder when i is divided by 21.
19
Let f = -1909 + 2175. What is the remainder when f is divided by 107?
52
What is the remainder when 8/(-5) + 238641/1885 is divided by (-4)/((-18)/14 - -1)?
13
Let n = 1128 - 408. Calculate the remainder when 323 is divided by (-4*1/10)/((-8)/n).
35
Let j = 14 - 9. Let b be 6*j*8/60. Suppose 0 = -b*p + 8, 5*k - p - 276 = -4*p. Calculate the remainder when k is divided by 15.
9
Let d(h) = h**2 + 63*h + 186. What is the remainder when ((-8)/5)/((-62)/7285) is divided by d(-61)?
60
What is the remainder when -52*(4 - 896/208) is divided by 2 + -3 - (-3)/1?
0
Suppose -2*u = 15*u + 56100. Calculate the remainder when (u/75)/((-1)/4) is divided by 15.
11
What is the remainder when 3/(-24)*-6 - 103026/(-264) is divided by 13?
1
Suppose 138244 - 503392 = -84*v. What is the remainder when v is divided by 58?
55
Let h be 5 + 54/(-10) + (-8)/(-20). What is the remainder when (8 - 7) + h - -133 is divided by 17?
15
Let f be 5 - (5 - (-4)/(-2)). Suppose 10*a + 210 = 15*a - f*r, -4*a + 181 = r. What is the remainder when a is divided by 15?
14
Suppose -122*w + 1100 = 113*w + 40*w. What is the remainder when 410 is divided by w?
2
Let o(q) = 96*q**2 - 62*q - 63. What is the remainder when 135 is divided by o(-1)?
40
Let w be -6 + (-38)/(-5) + (-2)/(-5). Suppose -13*b - c - 16 = -17*b, -16 = -4*b - w*c. Calculate the remainder when 137 is divided by b.
1
Suppose d + 3 = 2*d. What is the remainder when 114 is divided by d/12*100 - (-3 + -1)?
27
Suppose -971 = -28*a - 47. Let x = 512 - 285. Calculate the remainder when x is divided by a.
29
Suppose -5 = -f - 3*b, 2*b + 20 = 4*f - b. Suppose -4*q = t - f*q - 6, -3*t + 5*q + 18 = 0. Calculate the remainder when 14 is divided by t.
2
Suppose -2*o + 26 = 2*i, 16*o - 2*i = 14*o + 10. Let u = -330 + 462. Suppose -4*w + 7*w - u = 0. Calculate the remainder when w is divided by o.
8
Let t = 16294 - 16278. What is the remainder when 554 is divided by t?
10
Let z = -2123 - -5351. Calculate the remainder when z is divided by 32.
28
Let q(h) = -h**2 + 23*h + 53. Let b be (0 + 0)*(-3)/(-6). Let p(w) = -w**2 + w + 84. Calculate the remainder when p(b) is divided by q(24).
26
Let o(t) = -2*t**2 - 2*t + 100. Let x be o(0). Suppose 2*u = -3*h + 138 + 95, 0 = u - 4*h - x. Let l = u + -49. What is the remainder when l is divided by 11?
8
Let h(c) = c**2 + 12*c - 36. Calculate the remainder when 1475 is divided by h(-15).
8
Let d be (-6)/12 + (-3)/(-6). Suppose d*w - w + 23 = 0. What is the remainder when 0*1/4 + 2 + 41 is divided by w?
20
Let t(l) = 11*l**2 + 2*l. Let g be t(2). Suppose -x + o + g = 0, 0*x + 5*x - 4*o = 236. Let u = 99 - x. What is the remainder when u is divided by 14?
13
Let y = -2969 + 3125. What is the remainder when y is divided by 28?
16
Let p = 132 + -73. Let l(r) be the first derivative of 6*r**2 + 6*r - 24. Calculate the remainder when p is divided by l(2).
29
Suppose 67*a - 73*a = -1416. Let g = a - 174. Calculate the remainder when g is divided by 5.
2
Let r be (-7359)/(-165) - (-16)/(-10). Suppose -8*l + 41 = -3*l - d, 3*d = 5*l - r. Calculate the remainder when 53 is divided by l.
5
Let v = -788 + 931. Calculate the remainder when v is divided by 2/(-7) - 9112/(-238).
29
Let t(s) = -s**3 - 4*s**2 - 4*s + 1. Let a be t(-4). Suppose -2*j + a = 4*o + 1, 2*j = 4*o + 40. What is the remainder when 15 is divided by j?
1
Let n(j) = j + 4. Suppose 17*l - 15472 = 236. Let b = l + -855. Calculate the remainder when b is divided by n(5).
6
Let c(i) = -118*i - 17. Let v be c(2). Let j = v + 348. Calculate the remainder when j is divided by 39.
17
Let b(m) = 10*m - 385. Suppose 2*a - 27 = -l + 6*a, 84 = 2*l + 2*a. Calculate the remainder when 18 is divided by b(l).
3
Let s(c) = 3*c + 2. Let p be s(-1). Let a be 2*(-4 + (2 - p) - 3). What is the remainder when 89 is divided by ((-46)/4)/(a/16)?
20
Suppose o + 89926 + 103020 = 83*o. What is the remainder when o is divided by 38?
35
Let z = 5173 - 5011. What is the remainder when z is divided by 4?
2
Let m be -1*212/16*16/(-4). Let u = m + -42. Suppose -72 = 7*i - u*i. What is the remainder when 51 is divided by i?
15
Let t be 6*4/12 - -11. Let l be 2/t + ((-37)/(-13) - 0). Suppose 0*w = 2*w - l*s - 31, 2*w = -s + 11. What is the remainder when 21 is divided by w?
5
Let r be 9276/39 - (-10)/65. Let s = r + -44. Calculate the remainder when s is divided by 15.
14
What is the remainder when ((-6)/(-4))/((-324)/(-9504)) is divided by 27?
17
Let s = 349 - 429. Calculate the remainder when (147/(-1))/((-15)/s*-4) is divided by 52.
40
Let f(u) = -23*u - 156. Let m(t) = -45*t - 308. Let c(s) = 7*f(s) - 4*m(s). Calculate the remainder when c(-5) is divided by 44.
1
Let k(n) = -n**3 + 21*n**2 - 66*n + 315. What is the remainder when k(17) is divided by 171?
7
Let f(r) = 9*r**2 + 4*r + 3. Let s be f(-2). Let k = s - -21. What is the remainder when k is divided by (-15)/(-10)*(-66)/(-9)?
8
Suppose -2*w = -8, 4*u - 23*w + 12 = -25*w. Let b(t) = 0*t - t + 3*t**2 + 2 + 0*t**3 - 14*t + t**3. What is the remainder when b(u) is divided by 14?
13
Let l be (191/7 - 0) + (-30)/105. Suppose 33 = x - l. Suppose 3*s + 0*s = x. Calculate the remainder when 58 is divided by s.
18
Calculate the remainder when 14 + 986 - 18/(-8)*-4 is divided by 168.
151
Let y(u) = -4*u**2 - 4 - 2 + 2 + 4*u - u**3. Let w be y(-5). Calculate the remainder when 9 is divided by ((-1 - w)/2)/(1/(-8)).
1
Calculate the remainder when 849 is divided by (-1)/3 - (3 - (-2504)/(-6) - 6).
9
Suppose -3*g - 412 + 668 = 5*g. What is the remainder w